{"id":8,"date":"2023-12-11T20:01:42","date_gmt":"2023-12-11T19:01:42","guid":{"rendered":"https:\/\/lumiere-conscience.com\/?page_id=8"},"modified":"2023-12-11T21:05:06","modified_gmt":"2023-12-11T20:05:06","slug":"cadre-de-travail","status":"publish","type":"page","link":"https:\/\/lumiere-conscience.com\/index.php\/cadre-de-travail\/","title":{"rendered":"Cadre de travail"},"content":{"rendered":"\n<p>Mon accompagnement s&#8217;adresse \u00e0 toute personne d\u00e9sireuse de se d\u00e9couvrir, se rencontrer, avancer, \u00e9voluer. <\/p>\n\n\n\n<p>La m\u00e9ditation nous connecte \u00e0 nous-m\u00eames. La parole, le jeu et le mouvement nous permettent d&#8217;explorer, de ressentir, de passer les caps qui se pr\u00e9sentent. Cela n\u00e9cessite votre engagement et votre implication. Votre sinc\u00e9rit\u00e9 est indispensable, vos doutes et vos questions sont les bienvenus. <\/p>\n\n\n\n<p>Par mon accompagnement, je vous invite \u00e0 contacter votre \u00eatre profond, \u00e0 sentir ce qui vous emp\u00eache, \u00e0 vous prendre en charge, \u00e0 retrouver votre ind\u00e9pendance.<\/p>\n\n\n\n<p>Je ne suis ni m\u00e9decin, ni psychologue, ni psychoth\u00e9rapeute. <\/p>\n\n\n\n<p>Le travail propos\u00e9 est un moyen d&#8217;avancer et d&#8217;\u00e9voluer, dans la bienveillance et le respect de vous-m\u00eame et de ce qui vous entoure.<\/p>\n\n\n\n<p><\/p>\n","protected":false},"excerpt":{"rendered":"<p>Mon accompagnement s&#8217;adresse \u00e0 toute personne d\u00e9sireuse de se d\u00e9couvrir, se rencontrer, avancer, \u00e9voluer. La m\u00e9ditation nous connecte \u00e0 nous-m\u00eames. La parole, le jeu et le mouvement nous permettent d&#8217;explorer, de ressentir, de passer les caps qui se pr\u00e9sentent. Cela n\u00e9cessite votre engagement et votre implication. Votre sinc\u00e9rit\u00e9 est indispensable, vos doutes et vos questions [&hellip;]<\/p>\n","protected":false},"author":1,"featured_media":0,"parent":0,"menu_order":0,"comment_status":"closed","ping_status":"closed","template":"","meta":{"footnotes":""},"_links":{"self":[{"href":"https:\/\/lumiere-conscience.com\/index.php\/wp-json\/wp\/v2\/pages\/8"}],"collection":[{"href":"https:\/\/lumiere-conscience.com\/index.php\/wp-json\/wp\/v2\/pages"}],"about":[{"href":"https:\/\/lumiere-conscience.com\/index.php\/wp-json\/wp\/v2\/types\/page"}],"author":[{"embeddable":true,"href":"https:\/\/lumiere-conscience.com\/index.php\/wp-json\/wp\/v2\/users\/1"}],"replies":[{"embeddable":true,"href":"https:\/\/lumiere-conscience.com\/index.php\/wp-json\/wp\/v2\/comments?post=8"}],"version-history":[{"count":5,"href":"https:\/\/lumiere-conscience.com\/index.php\/wp-json\/wp\/v2\/pages\/8\/revisions"}],"predecessor-version":[{"id":38,"href":"https:\/\/lumiere-conscience.com\/index.php\/wp-json\/wp\/v2\/pages\/8\/revisions\/38"}],"wp:attachment":[{"href":"https:\/\/lumiere-conscience.com\/index.php\/wp-json\/wp\/v2\/media?parent=8"}],"curies":[{"name":"wp","href":"https:\/\/api.w.org\/{rel}","templated":true}]}}