{"id":12,"date":"2023-12-11T20:07:32","date_gmt":"2023-12-11T19:07:32","guid":{"rendered":"https:\/\/lumiere-conscience.com\/?page_id=12"},"modified":"2023-12-27T20:01:16","modified_gmt":"2023-12-27T19:01:16","slug":"tarifs","status":"publish","type":"page","link":"https:\/\/lumiere-conscience.com\/index.php\/tarifs\/","title":{"rendered":"Tarifs"},"content":{"rendered":"\n<p>S\u00e9ance individuelle : 50 euros, dur\u00e9e 1h.<\/p>\n\n\n\n<p>S\u00e9ance \u00e0 2 et plus : 25 euros par personne, dur\u00e9e 1h.<\/p>\n\n\n\n<p>Au t\u00e9l\u00e9phone, pour les personnes d\u00e9j\u00e0 venues en s\u00e9ance : 30 euros.<\/p>\n","protected":false},"excerpt":{"rendered":"<p>S\u00e9ance individuelle : 50 euros, dur\u00e9e 1h. S\u00e9ance \u00e0 2 et plus : 25 euros par personne, dur\u00e9e 1h. Au t\u00e9l\u00e9phone, pour les personnes d\u00e9j\u00e0 venues en s\u00e9ance : 30 euros.<\/p>\n","protected":false},"author":1,"featured_media":0,"parent":0,"menu_order":0,"comment_status":"closed","ping_status":"closed","template":"","meta":{"footnotes":""},"_links":{"self":[{"href":"https:\/\/lumiere-conscience.com\/index.php\/wp-json\/wp\/v2\/pages\/12"}],"collection":[{"href":"https:\/\/lumiere-conscience.com\/index.php\/wp-json\/wp\/v2\/pages"}],"about":[{"href":"https:\/\/lumiere-conscience.com\/index.php\/wp-json\/wp\/v2\/types\/page"}],"author":[{"embeddable":true,"href":"https:\/\/lumiere-conscience.com\/index.php\/wp-json\/wp\/v2\/users\/1"}],"replies":[{"embeddable":true,"href":"https:\/\/lumiere-conscience.com\/index.php\/wp-json\/wp\/v2\/comments?post=12"}],"version-history":[{"count":3,"href":"https:\/\/lumiere-conscience.com\/index.php\/wp-json\/wp\/v2\/pages\/12\/revisions"}],"predecessor-version":[{"id":51,"href":"https:\/\/lumiere-conscience.com\/index.php\/wp-json\/wp\/v2\/pages\/12\/revisions\/51"}],"wp:attachment":[{"href":"https:\/\/lumiere-conscience.com\/index.php\/wp-json\/wp\/v2\/media?parent=12"}],"curies":[{"name":"wp","href":"https:\/\/api.w.org\/{rel}","templated":true}]}}